= -3*u - y. Determine o(u).
-8
Let l = -33 + 35. Let x(n) = -l*n + n**2 + 3*n - 1 - 3*n. Suppose 5*f = 2*f - 3. What is x(f)?
2
Let s(o) = o + 1. Let t(l) = l**3 + 7*l**2 + l + 13. Let q be t(-7). Let g be 4/q*(-15 - -12). Determine s(g).
-1
Let n(o) = o**2 + 6*o. Suppose -7 = -4*b + 61. Suppose r = -25 + b. Give n(r).
16
Let b(u) = 5*u**2 - 8*u - 2. Let c be b(2). Let m(l) = 4*l**2 + 989 - l**c - 2*l - 988. What is m(2)?
9
Let w(k) = 103*k**3 + 9 + 8*k - 5*k**2 - 53*k**3 + 0 - 51*k**3. Let y(v) = -2*v**2 + 4*v. Let c be y(3). Give w(c).
-3
Let l(v) = -5*v + 3. Let y = -4 - -55. Let x = y - 49. Give l(x).
-7
Let l(x) be the first derivative of x**2/2 - 2*x + 154. Calculate l(1).
-1
Suppose 0*h - 28 = 7*h. Let b(u) be the third derivative of -u**4/8 - u**3/2 - u**2. What is b(h)?
9
Let k(o) be the first derivative of 2*o**2 - 1/4*o**4 - 26 + 0*o**3 - 2*o. Give k(3).
-17
Suppose 8 = -0*p + 4*p. Let b = 6 + -1. Suppose -p = -0*h - h, b*h = q + 6. Let w(o) = -4*o + 4. Calculate w(q).
-12
Let a = -31 - -34. Let o(q) = 7*q - a - q**2 - 6*q + q. Give o(2).
-3
Let j(w) be the third derivative of 0*w + 1/24*w**4 + 1/15*w**5 + 0 + 1/6*w**3 + 6*w**2. Calculate j(-2).
15
Let t(p) = -p**2 + 7*p + 9. Let x(a) = a**3 - 15*a**2 + 13*a + 21. Suppose -16*h = -13*h - 42. Let i be x(h). Calculate t(i).
9
Let u(g) = g**2 - g - 12. Suppose -76*f + 499 - 119 = 0. Determine u(f).
8
Let r(s) be the first derivative of 38 - 7*s + 1/3*s**3 - 3*s**2. Let z be -1 + 0 - (1 + -7). Determine r(z).
-12
Let t be (-304)/10 - (-12)/(-20). Let a = -35 - t. Let y(r) = 4*r - 1 + 2 + 0 + r**2. Calculate y(a).
1
Let o(s) be the first derivative of s**3/3 + 4*s**2 - 5*s + 188. Determine o(-8).
-5
Let q be (30 + -21)*8/(-12). Let h(a) = -1. Let d(p) = -p - 9. Let i(x) = -d(x) + 2*h(x). Calculate i(q).
1
Let r(g) be the third derivative of g**4/24 - g**3/6 + g**2 + 2. What is r(7)?
6
Let i(l) = l**3 - 5*l**2 + 2*l + 2. Suppose -8 = -4*n, 3*m + 4*n = 7*m + 36. Let a(p) = -p**3 + 3*p**2 + 3*p - 1. Let s be a(2). Let t = m + s. Give i(t).
-6
Let m(h) be the second derivative of 1/12*h**4 + 3*h**2 + 0 + 38*h - 2/3*h**3. What is m(4)?
6
Let w(c) be the second derivative of -c**2 + 9*c + 0 + 1/4*c**4 + 0*c**3. Let j = 6 + -4. What is w(j)?
10
Let n(r) = 8*r**2 - 9*r**2 - 20 - 2*r + 6 - 5*r. What is n(-5)?
-4
Let n(x) = -149*x**2 + 4*x + 2 - x + 147*x**2 - 4*x. Let d(f) = -f**2 + 7*f - 9. Let u be d(6). Give n(u).
-13
Let m(z) = z**2 - 14*z + 9. Let t be (4 - -1) + (24 - 16). Calculate m(t).
-4
Let o(b) = -20*b - 58. Let u be o(-3). Let q(v) = -20*v - 2. Determine q(u).
-42
Suppose -4*a + 30 + 30 = 0. Let d(p) = -a + 13 - 9*p + 8*p. Suppose 0 = -2*x - 5*v + 24, v = -x + 4 + 2. Give d(x).
-4
Let c(j) = j**2 - 3*j - 5. Let f(s) = -4*s. Let r = 28 + -20. Let z = r - 9. Let t be f(z). Determine c(t).
-1
Let z(n) be the third derivative of 0*n - 1/24*n**4 + 0 - 6*n**2 - 1/6*n**3. What is z(6)?
-7
Let i(n) = n**2 - 6*n + 4. Suppose 3*l + 21 = -24. Let k be ((-14)/30 + 3/l)*-6. Calculate i(k).
-4
Let m = 11 + -15. Let a(p) = 3*p + 2*p - 5 - 4*p + p**2 + p. What is a(m)?
3
Let b(f) = f**2 + 8*f - 3. Suppose 4*a - 4*t = 112, -5*a - 6*t + 4*t + 140 = 0. Suppose 6*g + a = -20. Calculate b(g).
-3
Let l(z) = z + 3. Let h = 11 + 8. Let u = 15 - h. Give l(u).
-1
Suppose -4*o - 4*p - 28 = 0, 7 = 3*o - 15*p + 11*p. Let s(q) = 3*q + 16. Determine s(o).
7
Let o(c) = -c**3 - 5*c**2 + 7*c + 1. Let w(p) = p**2 - 4*p + 1. Let x be w(4). Let i be (-2 - -3)/x*-6. Calculate o(i).
-5
Let f(p) = 2*p - 5. Suppose w = 5*x + 17, 0 = -w - 2*w - 5*x - 49. Let h be w/32 - (-15)/(-4). Calculate f(h).
-13
Let f(w) = 3*w**2. Let p be (12/(-8))/((-1)/10). Let x be (-5)/p - 20/(-6). Suppose 5 = -x*v - 1. Calculate f(v).
12
Let q(u) = -u**3 + u**2 - u + 3. Let l be q(0). Let y(c) be the first derivative of 3 + 4/3*c**3 - c - 3/2*c**2 - 1/4*c**4. Calculate y(l).
-1
Suppose 0 = -30*z + 27*z - 12. Let p(j) = j**3 + 4*j**2 - j + 4. Determine p(z).
8
Let b(l) = -3*l - 51 + 59 + 15 + 13*l. Determine b(-2).
3
Suppose -67*m - 711 = -108. Let p(j) = -j**2 - 8*j + 15. Give p(m).
6
Let f(v) = 0*v + 5*v - v**3 - 8*v - 2 + 3*v**2. Suppose -4*r = -25*p + 26*p - 13, r + p = 4. What is f(r)?
-11
Let m(n) be the second derivative of 7*n**5/20 - n**4/12 - n**3/3 - n**2/2 - 2*n. Suppose -15*o + 4*o = 0. Suppose -8 = -o*j + 8*j. Determine m(j).
-7
Let r(u) = -2*u**3 + u. Let j = -19 + 24. Let l be 5/(j/(-4)) + 4. Let x be r(l). Let g(o) = o**3 - o - 3. What is g(x)?
-3
Let z(v) = v**3 - v**2 - 12. Let c(n) = -4*n - 1. Let s(b) = 9*b + 1. Let f(h) = 7*c(h) + 3*s(h). Let o be f(-8). Let t be (o - 4)/(-2 + 0). Give z(t).
-12
Let w be -22 - ((-6)/3)/1. Let i = 23 + w. Let p(l) = i - 85*l + 1 + 85*l + l**2. Determine p(0).
4
Let j(v) = v**2 + 9*v + 6. Let s be (-22)/(-33) - (-130)/(-15). Give j(s).
-2
Suppose -g + 4 = -5*g. Let r(z) be the third derivative of 0 + 0*z**3 + 0*z - 4*z**2 + 1/15*z**5 - 1/24*z**4. Determine r(g).
5
Let d(f) = 9*f**2 + 5*f - 18. Let c(r) = -20*r**2 - 10*r + 41. Let n(z) = -4*c(z) - 9*d(z). What is n(-7)?
-16
Let k(r) = -r**3 - r**2 + 10*r. Let n be k(3). Let q = 8 + -5. Let b(l) = -6*l**2 - l + 4*l - l + 3 - l**q + 3. Determine b(n).
-6
Let j(a) be the first derivative of -a**4/4 - a**3 + 3*a**2/2 - 3*a - 1. Let u be j(-4). Let b(k) = 62*k**3 - 6*k**2 - 2*k - 4*k + u - 61*k**3. Give b(7).
8
Let h(m) be the first derivative of m**2 + 5*m + 447. Determine h(3).
11
Let o be 2/7 - (-61)/7. Let h(z) = o*z + 1 - 2*z + z**2 + 8*z - 6*z. Give h(-8).
-7
Let x(l) = -2*l + 1. Let m(n) = -5*n + 11. Let d(u) = -m(u) + 3*x(u). Determine d(-9).
1
Let b(g) = g**3 + 7*g**2 - g + 20. Suppose 0 = c - 0*c - a + 6, -2*a = 2*c + 12. Let m(f) = -f**3 - 6*f**2 + f - 21. Let x(z) = c*b(z) - 7*m(z). What is x(0)?
27
Let h(c) = -31 + 24 - 922416*c - 29 + 922412*c. Calculate h(-11).
8
Let x(n) = 5*n - 2*n**3 - 2*n - 1369*n**2 + 3*n**3 + 1374*n**2 - 2. What is x(-4)?
2
Let f(q) be the third derivative of -q**4/3 + q**3/3 - 31*q**2 - 6. What is f(-3)?
26
Let m(t) = 19*t**3 - 3*t**2 - 12*t + 1. Let p(u) = 11*u**3 - u**2 - 6*u + 1. Let v(x) = -4*m(x) + 7*p(x). What is v(-4)?
-5
Let z(k) be the second derivative of 1/3*k**3 + 0 - 3*k - 1/2*k**2 + 1/3*k**4. Suppose 5*l + 11 = l + g, 0 = -3*l + 3*g - 15. Calculate z(l).
11
Let i(n) = -n**2 - 10*n - 7. Let o = -263 + 258. What is i(o)?
18
Let m(c) = 2*c**2 - 11*c**2 + 3*c**2 - 1. What is m(-2)?
-25
Suppose -28*i = -26*i + 4. Let j(d) = -d + 1. Suppose 0*u + 5*u + 5 = 0. Let n(o) = -7. Let r(h) = i*j(h) + u*n(h). Give r(-6).
-7
Let q(l) = -l**2 - 8*l + 4. Suppose 4*y - 3*y - 20 = -k, 3*y = 3*k + 42. Suppose h + 4*u + 3 = 2, 4*u - y = h. Calculate q(h).
-5
Let r(v) = -12*v**3 + v**2 - 3*v + 2. Let l = 2929 + -2928. Give r(l).
-12
Suppose -39*k = 70 - 304. Let q(u) = -u + 9. What is q(k)?
3
Let a be 4/6*-60*12/(-96). Let c(v) = -v - 7 + 4*v**3 + 2*v - 3*v**3 - 5*v**2. Determine c(a).
-2
Let j be (-2*1/2)/1. Let w(d) = 5 + 0*d**3 + 2*d**2 + 4*d - 7*d**3 - 3*d**2. Let b(s) = s**3 - s - 1. Let n(q) = -4*b(q) - w(q). Calculate n(j).
-3
Let q(t) = 5. Let a(y) = -3*y - 42. Let h(n) = -a(n) - 9*q(n). Determine h(7).
18
Let a(s) = -s**3 - 6*s**2 - 6*s - 10. Suppose -216*z - 20 = -212*z. Calculate a(z).
-5
Let l(i) = 2*i**2 + i - 2. Let j be 2 + (6/(-27) - 146/(-9)). Suppose 0*v = 9*v + j. What is l(v)?
4
Let k = 2 + 0. Let y(t) = -2*t**k - 4 + t**2 - 2 + 2*t**2 - 6*t. Suppose s + 9 = 16. Give y(s).
1
Let x = 2839 + -2846. Let w(l) = l**2 + 4 - l - l + 10*l. Give w(x).
-3
Let k(l) = 18*l**2 - l - 1. Let c be k(-1). Suppose -4*o + c = -o. Suppose -9*v + 18 = -o*v. Let a(h) = h + 1. Determine a(v).
7
Let k(g) = 5*g**3 - 10*g**2 + 7*g - 5. Let s(v) = -6*v**3 + 11*v**2 - 7*v + 6. Let p(f) = 5*k(f) + 4*s(f). Let j be p(3). Let y(m) = -m**2 - 9*m - 9. Give y(j).
5
Let y = 101 - 72. Let h = -31 + y. Let k(p) be the third derivative of p**6/120 + p**2. What is k(h)?
-8
Let p(x) = -3*x**2 - 62*x - 13 + 2*x**2 + 70*x. What is p(6)?
-1
Let c(x) = -1883 + 1883 + 20*x. Give c(-1).
-20
Let v(z) be the second derivative of -z**3/6 + 13*z**2/2 - 5*z. Let b(i) = i**2 + 5*i - 17. Let s be b(-8). Calculate v(s).
6
Let x be 6/(-15) + 33/(-5). Let w(y) = 2*y**3 + y**2 - y. Let j(p) = -7*p**3 + 3*p**2 + 5*p - 1. Let n(m) = -j(m) - 4*w(m). Dete